te number?
False
Is 20089 a composite number?
False
Is 144139 a composite number?
False
Is 673 prime?
True
Is 19297 a composite number?
True
Is 40739 composite?
False
Is 10481 composite?
True
Is 44809 prime?
True
Is 2396179 a prime number?
False
Is 25559 a composite number?
True
Is 94499 composite?
True
Is 22201 a prime number?
False
Is 8353 a composite number?
False
Is 12311 composite?
True
Is 336793 a composite number?
False
Is 10529 prime?
True
Is 12569 a composite number?
False
Is 66919 prime?
True
Is 479 a prime number?
True
Is 35159 a prime number?
True
Is 25079 prime?
False
Is 127097 a prime number?
False
Is 512537 a prime number?
True
Is 541 a prime number?
True
Is 9767 a composite number?
False
Is 259 a prime number?
False
Is 54382 prime?
False
Is 2103301 composite?
False
Is 254671 a composite number?
True
Is 893479 prime?
True
Is 7649 prime?
True
Is 94421 a prime number?
True
Is 66851 a prime number?
True
Is 46981 prime?
False
Is 19387 composite?
False
Is 9059 composite?
False
Is 29137 a composite number?
False
Is 38107 a composite number?
True
Is 1530703 prime?
True
Is 28849 composite?
True
Is 5501 composite?
False
Is 27543 a prime number?
False
Is 45259 a composite number?
False
Is 5623 prime?
True
Is 7909 a prime number?
False
Is 115189 prime?
False
Is 519769 composite?
False
Is 351409 composite?
True
Is 4163 prime?
False
Is 723353 a composite number?
False
Is 37337 composite?
False
Is 639709 composite?
True
Is 2195 prime?
False
Is 152401 a composite number?
True
Is 116771 prime?
False
Is 559277 a prime number?
True
Is 16049 a prime number?
False
Is 60941 composite?
True
Is 278671 a prime number?
True
Is 1736623 composite?
True
Is 7753 a prime number?
True
Is 221 a prime number?
False
Is 9293 composite?
False
Is 321 prime?
False
Is 99071 a composite number?
True
Is 1151 prime?
True
Is 115669 a composite number?
True
Is 1350677 composite?
False
Is 4049 prime?
True
Is 96259 a prime number?
True
Is 29459 composite?
True
Is 113431 a composite number?
True
Is 2381413 a prime number?
True
Is 306905 composite?
True
Is 30869 prime?
True
Is 603377 a prime number?
False
Is 7235 composite?
True
Is 324845 a prime number?
False
Is 16603 prime?
True
Is 7393 a composite number?
False
Is 567921 a composite number?
True
Is 225559 a prime number?
False
Is 484001 prime?
False
Is 16355 composite?
True
Is 3127 a prime number?
False
Is 44841 composite?
True
Is 16477 a prime number?
True
Is 72859 a composite number?
False
Is 17947 a prime number?
False
Is 79607 a prime number?
False
Is 90253 prime?
False
Is 59153 a composite number?
True
Is 79197 composite?
True
Is 277741 prime?
True
Is 15677 a composite number?
True
Is 107507 a prime number?
True
Is 11611 prime?
False
Is 89303 composite?
False
Is 3419 a prime number?
False
Is 334633 prime?
False
Is 39497 a prime number?
False
Is 10522 prime?
False
Is 12671 prime?
True
Is 17467 a prime number?
True
Is 25523 a prime number?
True
Is 491 a prime number?
True
Is 19739 a composite number?
False
Is 24439 a prime number?
True
Is 59989 a composite number?
True
Is 7639 composite?
False
Is 2245 composite?
True
Is 189181 a prime number?
False
Is 191 composite?
False
Is 74623 a composite number?
False
Is 43117 a prime number?
True
Is 422105 prime?
False
Is 1213 prime?
True
Is 117662 a composite number?
True
Is 1117 prime?
True
Is 317321 a prime number?
True
Is 19907 prime?
False
Is 2605 composite?
True
Is 8105 a prime number?
False
Is 2503 composite?
False
Is 2039 composite?
False
Is 12197 a prime number?
True
Is 127951 composite?
False
Is 5578 a composite number?
True
Is 9743 composite?
False
Is 131933 a prime number?
True
Is 112687 a composite number?
False
Is 240587 a composite number?
False
Is 360439 prime?
True
Is 79877 a composite number?
True
Is 953447 a prime number?
False
Is 14623 prime?
False
Is 40997 a prime number?
False
Is 251969 prime?
True
Is 21767 prime?
True
Is 106163 composite?
False
Is 1234 composite?
True
Is 1728493 composite?
True
Is 12009 a prime number?
False
Is 3593 prime?
True
Is 41991 a composite number?
True
Is 6463 a prime number?
False
Is 47471 composite?
True
Is 5501 composite?
False
Is 3187 a composite number?
False
Is 20143 a composite number?
False
Is 37463 prime?
True
Is 13163 a composite number?
False
Is 114974 a composite number?
True
Is 232073 a composite number?
False
Is 217901 prime?
True
Is 32117 a prime number?
True
Is 295993 a prime number?
True
Is 72953 a composite number?
False
Is 17399 composite?
True
Is 48907 a composite number?
False
Is 1668083 composite?
False
Is 16823 composite?
False
Is 25439 a prime number?
True
Is 1151 a composite number?
False
Is 1366 composite?
True
Is 719365 prime?
False
Is 6814 prime?
False
Is 14717 a composite number?
False
Is 13539 a composite number?
True
Is 4474871 composite?
True
Is 30633 prime?
False
Is 1432705 a composite number?
True
Is 115681 prime?
False
Is 19267 a composite number?
False
Is 653101 composite?
True
Is 76309 a composite number?
True
Is 5299 prime?
False
Is 188767 composite?
False
Is 49341 a composite number?
True
Is 29653 prime?
False
Is 345767 prime?
False
Is 7933 composite?
False
Is 3226931 prime?
False
Is 100343 a composite number?
False
Is 20047 prime?
True
Is 13367 composite?
False
Is 24391 a composite number?
False
Is 26539 prime?
True
Is 114421 a composite number?
True
Is 583 composite?
True
Is 16979 composite?
False
Is 164881 prime?
True
Is 12055 composite?
True
Is 51397 a composite number?
True
Is 10666 prime?
False
Is 75073 a prime number?
False
Is 29363 prime?
True
Is 42505 a composite number?
True
Is 326831 prime?
True
Is 11579 prime?
True
Is 789823 a prime number?
True
Is 12323 a composite number?
False
Is 236399 composite?
False
Is 151909 prime?
True
Is 37463 prime?
True
Is 8917 composite?
True
Is 21427 a prime number?
False
Is 28957 a composite number?
True
Is 29501 composite?
False
Is 19939 a prime number?
False
Is 5981 composite?
False
Is 34381 composite?
False
Is 2798 a prime number?
False
Is 670501 a composite number?
True
Is 7246 a composite number?
True
Is 29657 a prime number?
False
Is 41549 prime?
True
Is 70489 a composite number?
False
Is 1052719 composite?
False
Is 2393 a prime number?
True
Is 430097 a prime number?
False
Is 117791 a composite number?
True
Is 24257 composite?
True
Is 4211 prime?
True
Is 5969 a composite number?
True
Is 15817 prime?
True
Is 2440253 composite?
False
Is 3149 prime?
False
Is 66271 prime?
True
Is 680531 prime?
True
Is 33103 prime?
False
Is 217979 a composite number?
False
Is 524047 a prime number?
True
Is 4045 prime?
False
Is 12589 a composite number?
False
Is 25293 composite?
True
Is 9806 a prime number?
False
Is 557717 a composite number?
False
Is 1148627 composite?
True
Is 23149 composite?
True
Is 32861 prime?
False
Is 8999 prime?
True
Is 104387 a prime number?
False
Is 94091 composite?
True
Is 3787 composite?
True
Is 7531 a composite number?
True
Is 104309 a prime number?
True
Is 1097467 prime?
False
Is 418973 composite?
True
Is 138679 prime?
True
Is 16613 a composite number?
True
Is 14783 a prime number?
True
Is 1187 prime?
True
Is 47153 a prime number?
False
Is 775919 a prime number?
True
Is 621419 prime?
True
Is 99001 a composite number?
True
Is 1848907 a prime number?
True
Is 115421 a prime number?
True
Is 298483 composite?
False
Is 642931 composite?
False
Is 117581 a prime number?
False
Is 200051 a prime number?
False
Is 1928989 composite?
False
Is 19 a prime number?
True
Is 906079 a prime number?
False
Is 335321 a prime number?
False
Is 209617 a prime number?
False
Is 106565 a composite number?
True
Is 2053 composite?
False
Is 136133 prime?
True
Is 3557 composite?
False
Is 90947 a composite number?
False
Is 12757 composite?
False
Is 3223 composite?
True
Is 70901 prime?
True
Is 30661 composite?
False
Is 223817 prime?
False
Is 31567 composite?
False
Is 157721 a composite number?
False
Is 37013 prime?
True
Is 211 a composite number?
False
Is 49891 composite?
False
Is 223999 a prime number?
True
Is 293 prime?
True
Is 407343 a composite number?
True
Is 992185 prime?
False
Is 634337 composite?
True
Is 1420129 a prime number?
False
Is 180313 composite?
True
Is 585691 prime?
True
Is 346501 a prime number?
True
Is 18517 composite?
False
Is 396177 a composite n